 the value of 14 + -16 - (18 - 0)?
-20
What is (-4 + 4 - 7) + (-4 - 0)?
-11
-1 + (-1 - -35) - (-109 + 211 - 92)
23
Evaluate 9 + (-17 - 23) + 18.
-13
What is 16 + -11 + -4 + -3 + 5?
3
0 - 4 - (-18 - -4)
10
What is the value of -112 + 120 + (8 - (-3 - -2))?
17
Evaluate -12 + 33 + 24 - 71.
-26
3 + -1 - (12 + -12 + 2)
0
(-9 + 9 - 0) + (1 - -1) + 3
5
What is -4 + -11 + 7 + (3 - -6)?
1
Evaluate -6 - (-3 - (-3 + 2 + 12 + -7)).
1
15 + -2 - 19 - (6 + -4)
-8
Evaluate 0 + -9 - (23 + -19).
-13
Evaluate -6 + 17 + -1 + 0.
10
7 - (3 - 13) - 10
7
What is -15 + 4 + 4 + 1?
-6
Evaluate (-4 - 11) + (-1 - 0) - (-27 + 23).
-12
-2 + 2 + -2 + -19 + 29 + 2
10
What is the value of -11 - (3 - 14 - (15 - 14))?
1
What is -3 - ((1 - (7 - (3 - 14))) + 0)?
14
What is the value of -25 + -9 - (-135 - -134)?
-33
Calculate (-4 - 38 - -50) + -8.
0
197 + -141 + (-6 - 29)
21
Evaluate -9 - (20 - 34) - (-1 + 9).
-3
What is (-37 - -37 - (1 - 3)) + -1?
1
Calculate 893 + -931 + (2 - -41).
5
What is 15 - ((7 - 11) + 9 + 1)?
9
Calculate -6 - (12 + (9 - 12 - 3)).
-12
Calculate 0 + 13 + -10 + -4 - 4.
-5
What is the value of -2 + -17 + 3 + 25 + 4?
13
What is 2 + -4 + (3 - ((-6 - 1) + 10))?
-2
Evaluate 6 + 1 + 517 + -510.
14
Calculate -15 + -6 - (-64 + 20).
23
Evaluate -7 - ((-8 - 0) + 1 + -3).
3
-28 - ((19 - 13 - 13) + -6)
-15
What is the value of -4 - -2 - (73 - 82) - (-3 + -3)?
13
9 + 28 + (21 - 48)
10
(-3 - -1) + (-12 - -3) + 3 + -2
-10
What is the value of -26 + -1 - (-19 - -9 - (-2 + 2))?
-17
What is -7 + -1 + (-339 - -343 - (-8 - 0))?
4
What is the value of -9 + 2 + 0 + 26 + -15 + 7?
11
(-13 - (4 - (2 - -7))) + 6
-2
(-12 + 19 - 36) + 17
-12
What is the value of 13 - (2 + 0) - (11 - 0)?
0
What is (5 - -1 - -1) + -13 + 1?
-5
Calculate -1 + (1 - -4) - 2.
2
What is (-10 - -12) + -10 + 2 - -19?
13
Calculate 1 + -17 + (-83 - (-86 - -24)).
-37
Evaluate ((7 - -5) + 1 - 5) + -21.
-13
What is the value of 31 - ((-16 + 14 - -30) + -13)?
16
What is -5 + -1 + 3 + -6 + 4 + 16?
11
Calculate 0 + 1 + -15 + 22 + 13 + -32.
-11
1 + -12 + -12 + (33 - 21)
-11
Evaluate (9 - 0 - 11) + 16.
14
What is (-2 - (-7 + 6 + -5 + 7)) + -16?
-19
Evaluate 1 - -2 - (7 + -19 + 11 - -12).
-8
What is -14 + 10 + 2 + -7?
-9
Calculate (106 - 102) + (-5 - (0 + 0)) + -4.
-5
Calculate (0 - 0) + 2 - (6 - 20).
16
What is 6 + (6 - -8) + -7 + 8?
21
What is 2 - (8 + -3 + -12 + 12)?
-3
What is (-2 - (-7 - 4) - 5) + -2?
2
Evaluate 4 + -8 + 8 + 78 + -64.
18
What is the value of 21 + -3 + 16 - (33 - 19)?
20
36 + (-1 - 15) + -16
4
-9 + -17 + 18 + -20
-28
Evaluate 6 - 11 - 9 - -7.
-7
Calculate -4 + -1 + 8 + -5 + (38 - 31).
5
What is 37 + -4 + -17 + 4 + -5?
15
What is the value of 15 - 45 - (-27 - -25 - (2 + -2))?
-28
14 - (-10 + (-2 - -5) - -33)
-12
-4 - (12 + -1 - (5 - 2))
-12
2 + 17 - -1 - (-1541 - -1543)
18
-6 - -3 - 2 - ((-6 - -9) + 3)
-11
Calculate 0 + (2 - 2) + -6 + 10.
4
Evaluate (-11 + 9 - 3) + -2 + -1 + -3.
-11
Calculate (-2 - -8 - (-25 + 37)) + 7 - 7.
-6
-2 + (12 - (34 - 19))
-5
Evaluate 12 + -21 + (0 - 2) + -5 + 4.
-12
Evaluate -26 - (-48 - -1) - (3 + 2).
16
What is 97 + -132 - (2 - 32)?
-5
What is -2 + 0 + 12 + -10 - (-2 - 6)?
8
Evaluate -12 + 25 - 2 - 0 - 17.
-6
What is the value of -10 + -13 + 41 + -37?
-19
Evaluate -26 + (2 + -1 - ((-26 - -12) + 11)).
-22
What is the value of (-2 - (-2 - 9)) + (-239 - -226)?
-4
What is 1 - -21 - 0 - 5 - 8?
9
Evaluate -149 + 150 - ((-4 - -2) + (1 - -3)).
-1
-51 + (6 - (35 + -52))
-28
Evaluate (46 - 40) + -11 + 2.
-3
What is (-38 - -13) + (82 - 42)?
15
Calculate -4 - 4 - -3 - 2 - -3.
-4
4 + (-1 + (1 - -7) - (6 + -14))
19
What is the value of 23 - ((3 - (-9 - -2)) + (0 - 2))?
15
What is -6 + -1 + 11 + -8?
-4
Calculate 3 - 8 - (-26 + 23).
-2
What is the value of 5 + 2 + (15 - 24) + 30 + -12?
16
What is 2 + -7 + (2 - 12) + 10 + 17?
12
What is the value of 33 + (233 + -244 - (1 + 3))?
18
Calculate 1 - 0 - (-5 - -10).
-4
What is 0 - ((-9 + 4 - -4) + 1 + 10)?
-10
Evaluate (14 + -21 - -11) + -4.
0
What is -32 - (44 + -86 - 0)?
10
Evaluate -1 + -1 + (-1 - -19 - (8 - 5)).
13
What is (2 - 2) + (24 - 20) - 13?
-9
What is the value of -8 - -18 - (14 - -2)?
-6
Calculate 4 + -1 + 5 + (-18 - -8).
-2
Calculate -7 - (5 - (6 + -6 + 2)).
-10
What is -2 - (9 + (7 - 8))?
-10
What is 1 + 3 + (36 - 26) - 2?
12
4 - (11 + (0 - 6))
-1
What is -3 + -13 + 1 + 24?
9
Evaluate 8 - ((10 - 21 - -8) + 1).
10
Calculate (3 - 10) + 2 + (23 - 15).
3
What is -25 - -29 - ((-44 - -40) + -9 + 1)?
16
What is 5 + -2 - (-3 + -2 + -3 + 5)?
6
What is the value of (-1 - 1) + 5 + -21 + (9 - 2)?
-11
Evaluate -23 + 40 - (-1 + 12).
6
Calculate 18 + (5 - 8) + (71 - 87).
-1
Evaluate 0 + -9 - 1 - (-7 - 2) - 11.
-12
Evaluate (6 - 0) + 3 + 11 + -20 + 5.
5
What is the value of 7 + -22 + 24 + -18?
-9
31 - (59 - (53 + -26))
-1
What is 1 - (23 - 4 - 10 - 7)?
-1
What is the value of -16 - -21 - 17 - -17?
5
Evaluate 1 + (-3 + 12 + 3 - 6).
7
-2 + 0 + (73 - 58)
13
32 + (14 - (-7 - -17 - -21))
15
What is the value of -25 + (-3 + 6 - -16 - 7)?
-13
What is the value of 4 + 29 + 22 + -33?
22
What is (5 - 0) + 0 - ((40 - 8) + -9)?
-18
What is the value of (6 - -9) + (-54 - -24)?
-15
9 - 1 - (12 - (30 + -2) - -18)
6
What is 9 + -36 - -35 - (1 - 1 - -16)?
-8
Calculate 0 + -6 - ((7 - 17 - -12) + 5).
-13
Evaluate 13 + (-42 - -35) + -12.
-6
What is -20 - -33 - 2 - 30?
-19
What is the value of 5 - 1 - (-175 - -154)?
25
What is (-20 - -3) + 4 + 5?
-8
Evaluate 8 - (2 + -8 - (-3 + 1 + -4)).
8
What is 47 + (-21 - -25) + -40?
11
Calculate -42 - (-6 + 7 - -4 - (24 - 13)).
-36
What is the value of 2 - (11 + -18 + (0 - -4))?
5
What is 1 + -3 + (-1 - -11 - 29)?
-21
What is the value of (4 - 15 - -1) + -11 + -7?
-28
What is 47 + -44 - (11 + -2)?
-6
What is -20 - (12 + -16) - -4?
-12
Evaluate (80 - 62) + (-2 - -1).
17
Calculate (1 - -6) + (-12 - -1) + 4.
0
-11 + 19 + (13 + -13 - 25)
-17
32 - (18 - (28 - 18))
24
Calculate 5 - (69 + -34) - -45.
15
Calculate -22 - ((18 - 14) + (-1 - (6 + -1))).
-20
What is the value of -26 - (12 - (21 + 4))?
-13
What is 3 + (13 - (9 - 6) - (4 + -1))?
10
What is the value of -11 + 16 + 12 + (1 - -3 - 11)?
10
Evaluate (-12 - 13) + 25 + -1.
-1
What is the value of 14 + 8 + (12 - 32) - -12?
14
Evaluate -27 - (11 + -10) - -18.
-10
13 + -27 + 5 + 25
16
Evaluate (-59 + 66 + -7 + 0 - -7) + -19.
-12
What is the value of -4 + 1 + (31 - 23) - 6?
-1
Evaluate 2 - (-2 - 7 - (-31 - 0)) - -9.
-11
11 + (-44 + 47 + 1 + 20 - 4)
31
Calculate 30 + (10 - 29) - 8.
3
Evaluate -12 + (11 - (-2 + -5)).
6
Calculate (-2 - -14) + -23 + 0 + 1.
-10
Calculate 13 - ((9 - (2 - -38)) + 16).
28
What is the value of -6 + 3 + (2 - (-8 + 6)) + -11?
-10
What is -11 - -1 - (-4 - (27 + -6 + -18))?
-3
(-32 + 32 - (-1 + -1 - -3)) + 21
20
What is -1 + (4 - 0) + 1 + -28?
-24
What is the value of (1 + 2 - -2) + (-19 - -13) + 14?
13
What is (13 - 2 - 2) + (-70 - (48 + -98))?
-11
What is -3 - ((2 - (4 - (8 - 10))) + 6)?
-5
-1 - 13 - (255 + -250)
-19
Evaluate (1 - (-59 - -40)) + -5.
15
What is 4 - ((7 - (-8 + 6)) + (-32 - -30))?
-3
What is the value of -2 - -15 - (30 - 24)?
7
What is 7 + 16 + -16 - 14?
-7
What is the value of -10 + (12 - 3 - -5) + -4 - 2?
-2
Calculate (9 - 11) + -7 + -1 - (461 - 451).
-20
Evaluate (292 - 301) + -1 + 25.
15
What is (4 - 0) + (5 - ((2 - -16) + -10))?
1
What is the value of 21 + (-45 - -12) - -35?
23
-4 + 0 + (-9 - -12) + -4
-5
What is 9 + 18 - 56 - -34?
5
What is the value of 1328 - 1326 - (-1 + (-1 - 7))?
11
24 + (-1 + -11 - -2) + -21
-7
What is the value of (89 + -90 - (-11 + -1)) + -2?
9
-13 - (16 + 5 + 1 - 8)
-27
What is 18 + -11 + -18 + 5?
-6
Evaluate 24 + -3 + (-66 - -48) - (31 - 0).
-28
What is -2 - (-23 - 1) - (2 - (5 + -12))?
13
Evaluate 260 + -284 + (-2 - -12).
-14
What is (-18 - (-8 + -5 - -4)) + (10 - 1)?
0
Evaluate -5 - 9 - -2 - -23.
11
((0 - -7) + -9 - -7) + -12
-7
What is (-22 - -37) + -24 + -8?
-17
Calculate 0 - (18 + -7) - (-14 - (15 - 26)).
-8
8 - (7 + 6 + 5 - (-31 - -25))
-16
-20 + 29 - (17 - 7) - -15
14
What is the value of -3 - (-14 - (-17 - 1))?
-7
-30 - (8 + -14 + -2 - (3 - 3))
-22
What is (-16 - (-38 - -22)) + 0 + 16?
16
(15 - (25 + 15)) + 37
12
Calculate (15 - 3) + -12 - 4 - 2.
-6
What is the value of 20 + -17 - (-1 + 3 - 4 - -11)?
-6
What is the value of 4 + 1 - (3 - 4 - -5) - -22?
23
What is the value of 1 + -11 + 8 + -8 + (0 - -2)?
-8
E